t = 21 + q. Let a be k(t). What is the highest common factor of 52 and a?
26
Suppose -5*a + 14 + 1 = 0. Let p(u) = 2*u**2 + u**a - 10*u**2 + 7*u**2 + 2*u. Let i be p(3). What is the highest common factor of 16 and i?
8
Let w(u) = -u**2 - 14*u - 5. Suppose -5*y - 42 = 3. Let k be w(y). What is the highest common factor of k and 120?
40
Let d(r) = -109*r + 7112. Let o be d(58). Calculate the greatest common factor of 4898 and o.
158
Let k be (-888)/(-2072) + 204/14. Calculate the greatest common factor of 5205 and k.
15
Let o(l) = 58*l**2 + 7*l + 20. Let r be o(-4). Let g = -654 + r. Calculate the greatest common factor of 42 and g.
14
Let j be (-64)/8*1 - (1 - -5). Let a(y) = 26*y + 382. Let i be a(j). What is the highest common divisor of 9 and i?
9
Suppose 5*p - 7 = -4*m - 2, 17 = 4*m + p. Let q be (m - 5) + 147 + -9. Calculate the highest common divisor of 184 and q.
46
Let f(h) = 8*h**3 + 70*h**2 - 14*h + 108. Let l be f(-9). What is the greatest common divisor of 18072 and l?
72
Let s be 6/((-39)/9 + 5). Suppose 10*i = 41 + s. What is the highest common divisor of 55 and i?
5
Let d(q) = 3*q**2 - 5 + q + 3*q + 2*q. Let a be d(-5). Let x be (534 + -537)*((-33)/9 + 1). What is the highest common factor of x and a?
8
Let d = 3913 + -3577. What is the greatest common divisor of 154 and d?
14
Let c(u) = -u**3 - 73*u**2 - 69*u + 286. Let y be c(-72). Calculate the highest common divisor of 12 and y.
2
Let a = -1627 + 777. Let j = -382 - a. Calculate the highest common factor of j and 52.
52
Suppose d + 3*z = 2, 0 = -4*d - 3*z - 2*z + 8. Suppose 3*m = -4*i + 3*i + 141, 0 = 3*m - d*i - 132. Calculate the greatest common divisor of m and 506.
46
Let y be 2/10*5*(0 + 25). Suppose -9*i - 29 = y. Let q be 43 + 0 + (i - 20/(-4)). Calculate the highest common divisor of 28 and q.
14
Let j = -40769 - -56286. Calculate the greatest common factor of j and 263.
263
Let x(f) = 10*f - 30. Let t be x(6). Suppose 2*b + 5 = -q - 2, -3*b = -5*q + t. Calculate the greatest common factor of q and 43.
1
Suppose 15*v + 6 = -39. Let k be v/(-18)*-3*4. Let z be (-437)/k - 18/(-12). Calculate the highest common divisor of z and 20.
20
Let n = 3169 - 3161. What is the greatest common factor of n and 14?
2
Let z be 0 - -533 - (3 - -3). Let g(y) = 64*y**2 - y - 1. Let o be g(1). What is the highest common divisor of z and o?
31
Let m(h) = 21*h - 2*h + 6*h + 10*h - 2 - 3*h - h**2. Let o be m(26). Calculate the highest common factor of 88 and o.
22
Suppose l + 121 = -2*h + 2*l, -2*h + 5*l = 125. Let m = -30 - h. Let f = 249 + m. What is the highest common divisor of f and 31?
31
Let g be 1 - 23/((-46)/8684). Calculate the highest common divisor of g and 202.
101
Let o be ((-3)/(-6))/(11/(-2222)). Let l = o + 122. Let g = 101 + -17. What is the highest common factor of l and g?
21
Let p = -96597 - -96657. Suppose 0 = -0*r - 4*r + 864. What is the highest common divisor of p and r?
12
Suppose -4*d = 69*i - 72*i + 4618, 3*i = 3*d + 4614. What is the highest common divisor of 708 and i?
118
Let i = 45 - 32. Suppose -2*c - 2*c - 287 + 2107 = 0. Calculate the greatest common factor of c and i.
13
Let d = -2980 + 3269. What is the highest common divisor of d and 85?
17
Let n be (87 - 102/(-6))*8. Calculate the highest common factor of 286 and n.
26
Suppose -3*f = -5*l - 385, 21*f - 4*l = 19*f + 260. Suppose -f = -4*r + 76. What is the greatest common factor of r and 98?
49
Suppose 39 = 4*h - h. Let r = h + -2. Let x = -329 + 384. What is the highest common factor of r and x?
11
Let d(l) = -11*l - 512. Let v be d(-52). Calculate the greatest common factor of v and 444.
12
Let c be (4/3)/(-4) + 3388/21. Suppose 4*v - c = -1. Suppose 3*w = m - w - 20, 0 = 2*m + w - 31. What is the highest common factor of v and m?
8
Suppose w + 16*o = 18*o + 20, 0 = -5*w - 6*o + 100. Let j(i) = -31*i - 3. Let m be j(-3). Calculate the highest common factor of m and w.
10
Let r = 5 + 10. Let z(l) = l**3 + 11*l**2 + 12*l + 24. Let t be z(-10). Suppose -t*d + 82 = 58. What is the highest common divisor of d and r?
3
Let n(g) = 56*g + 5. Let o(w) = -57*w - 6. Let t(i) = -3*n(i) - 2*o(i). Let d be t(2). Let k = -106 - d. Calculate the greatest common divisor of k and 55.
5
Suppose -5*w = 5*y - 2*y + 8, 28 = -2*w + 5*y. Let u be (-48 - 0)/w - (-2 - -8). What is the highest common divisor of 87 and u?
3
Suppose 0 = -3*b - v + 2414, 393*b - 389*b = -3*v + 3212. What is the highest common factor of b and 182?
26
Suppose 2*g + 38 - 40 = 0. Let l(c) = 460*c**2 - 3*c + 3. Let b be l(g). What is the greatest common divisor of b and 23?
23
Suppose n - 5*o - 134 = 135, 2*n - 526 = -2*o. Calculate the highest common factor of 120 and n.
24
Let l = -96 + 99. Let h(r) = 18 - r**l + 22*r + 26 + 9*r**2 - 37. Let u be h(11). Calculate the highest common divisor of u and 63.
7
Let v be (-31 + 703)/(3/2). What is the greatest common factor of v and 48?
16
Let f = -8 + -12. Suppose -4*k + 3*k - 3 = 0, 2*u + 5*k + 57 = 0. Let h = f - u. Calculate the greatest common factor of h and 1.
1
Suppose 4*b - 52 - 103 = -5*x, 0 = 2*b + x - 79. Let w = 39 + -75. Let j = w + 60. What is the greatest common factor of b and j?
8
Let o be 4 + -3 + (0 - -44). Suppose 18*n = -10 + 82. Suppose -n*s + u - 9 + 85 = 0, 2*s - 3*u = 48. What is the greatest common factor of o and s?
9
Suppose 4*t + k + 128 = 0, 2*k - 55 - 105 = 5*t. Let b = 30 + t. Let c be -2 - b - -3 - -67. Calculate the greatest common factor of c and 175.
35
Let b(c) = -377*c - 177. Let i be b(-1). Calculate the highest common factor of i and 256.
8
Suppose 4*f - 68 = -o, 0 = -5*o + 7*o - 2*f - 146. Suppose 17 = 6*x - 13. Suppose 0 = -n + 59 - x. Calculate the highest common divisor of n and o.
18
Suppose k = 2*k - 35. Let y be (-100)/(-3)*(-82)/(4920/(-45)). What is the greatest common divisor of k and y?
5
Let i(x) = -x**2 - 23*x - 66. Suppose 0 = 4*p - 2*k, -2*k - 2 = -k. Let h be 38*(p + (-5)/(-10)). Let u be i(h). What is the highest common factor of u and 30?
10
Suppose 6 = -28*p - 134. Let t(s) = 2*s + 18. Let w be t(p). What is the highest common divisor of w and 16?
8
Let h = 243 + -218. Suppose 4*y - 7 - h = 0. What is the highest common factor of 1 and y?
1
Suppose 5*x - 28 = 27. Let n be (774/(-45))/(4/(-20)). Suppose 0 = n*z - 92*z + 726. Calculate the highest common factor of x and z.
11
Suppose 0 = -4*a + n - 17, 5*a - 2*n + 4*n = -5. Let i be (-1)/3*(1 - (-12)/a). Calculate the greatest common factor of 4 and i.
1
Suppose -5*o + 4*u = -o, -30 = -5*o - 5*u. Let v be -10*(185/(-25) + o). Let x be (3 - 1)*(-2 + v/8). What is the greatest common factor of 14 and x?
7
Suppose 102 = -8*x - 9*x. Let q be (-4 - (x - -4))/(5/(-45)). What is the highest common divisor of q and 387?
9
Suppose 8*n - 29606 + 28926 = 0. Let w be (-102)/12*4/(-1). What is the greatest common factor of w and n?
17
Let i = 3581 + -3521. Calculate the highest common divisor of 730 and i.
10
Let x = 1102 - 985. Let p = -12 + 21. What is the highest common factor of p and x?
9
Let g = 20034 + 5747. Calculate the greatest common divisor of g and 127.
127
Suppose -8*w + 0*w + 13824 = 10*w. What is the highest common divisor of w and 24?
24
Let v be 14/(38/285*6/16). Calculate the highest common factor of 805 and v.
35
Let z be 1*301/10 + (18/60)/(-3). What is the greatest common factor of z and 55?
5
Suppose -10*u = 38 - 398. Let s be (-160)/(-2) - (-7 + 3). What is the greatest common factor of u and s?
12
Suppose -4*r = 7*z - 11*z + 9236, -4*z - 5*r + 9182 = 0. Calculate the greatest common factor of 4277 and z.
329
Let n = 44332 + -44328. Let w = -25 - -45. Calculate the greatest common divisor of n and w.
4
Let n = -28 - -40. Let r be 0 - 2052/(-10) - 120/100. What is the greatest common factor of r and n?
12
Let g be 3300/99 + -26 + -2*(-2)/(-3). What is the greatest common divisor of 4722 and g?
6
Let w = -25 + 27. Suppose -3*u - w = 28. Let o be (-2 - (2 - 26)) + u/(-5). What is the highest common factor of o and 168?
24
Let h = -4760 - -4825. Calculate the greatest common factor of h and 1274.
13
Let w be ((-407)/(-77) - 6) + 99466/14. What is the highest common divisor of w and 148?
148
Suppose 0 = l + l - 12. Suppose 0 = l*b - 0*b - 336. Suppose 2*g + 0*g = w + b, -g = -4*w - 28. Calcu